-4 + (28 - -12) + 8 + -10.
34
Evaluate 12 + (49 - -2 - 25).
38
Evaluate -1 - 61 - (56 - 30 - 26 - (-10 - -5)).
-67
-10 + (-19 - -25) + 3 + 55
54
Calculate -41 + (-30 - 46) + 118.
1
Evaluate -110 + (1 - 13) + (9 - -28 - 20 - 12).
-117
What is -37 - (10 - 16) - -22?
-9
Evaluate 11 - 2 - (-74 + (-20 - 1) + 119 + -102).
87
What is the value of (5 - 3) + 3 + 0 + (-32 - 29) + -4?
-60
What is the value of -2 - 61 - (32 + -12 + (-17 - (3 - 9)))?
-72
What is the value of -17 + 3 - -2 - (63 + (-59 - 93))?
77
What is (-1 - -2) + 1 - -10 - (546 - 498)?
-36
What is the value of (-12 - -23 - 7 - (-1 - -8)) + -4?
-7
Evaluate 52 + (9 - 2) + -17 + (-21 - -16).
37
-23 + 34 + 60 + -30
41
Evaluate (12 - (46 - -24)) + (1 + 0 + 2 - -2).
-53
(-12 - -4) + 3 + (3 - (4 + -9) - 15)
-12
What is the value of -3024 + 2968 + 0 + -10?
-66
Evaluate (-644 - -604) + 7 + -5 + -5 + 1.
-42
Evaluate 9779 + -9788 - (1 + -2 + (-1 - -45) + 0).
-52
Evaluate -159 + (34 - 69) + 101.
-93
Calculate (2 + 33 + -46 - -5) + 0 + 3 + 0.
-3
What is the value of 23 - (65 + -17 - (48 - 5))?
18
What is -32 + 1 + (-26 - -22 - -29) + -34?
-40
(-5 - 29) + 501 + -425
42
Calculate -17 + 12 + -16 + -8 + 19 + -12.
-22
2 + -2 + (12 - 0) + -7 + 35
40
-9 + 53 - (-84 + 122)
6
7 - (-86 - -31) - (24 + -10)
48
What is -46 + 88 - 40 - (7 + -4)?
-1
623 + -683 + (68 - 9)
-1
What is 64 - (-43 + 30 + 19 + 2)?
56
-125 + (27 - -9) + 27
-62
Calculate 1 + (-19 - 4) - (556 - 585) - (48 - -2).
-43
What is the value of -27 + 111 + -109 + 34?
9
What is (-18 - (-14 + 4 + 4 - 2)) + 60 + 2?
52
(4 - -1 - -4) + 0 - (-17 + 17)
9
Calculate (21 - 2) + 11 - (19 + -4 + -5).
20
What is the value of -5 + (11 - 0 - -1) + (-4 - -5) - -5?
13
What is 105 + -109 + (3 - 8)?
-9
84 + (-287 + 64 - -62)
-77
What is -1 + -8 + -19 + 14 - 6?
-20
Calculate 47 - 53 - (2 + -2 + (-85 - 13)).
92
What is the value of 4 + (4 - 20 - (15 - -6 - -18))?
-51
3 + (19 + -3 - (3 + 36))
-20
Evaluate -50 + (-99 - -127) + 68.
46
What is 17 + 0 - (23 - (-47 - (-5 - 21)))?
-27
What is the value of 1 - 29 - (-20 + 17 - -5 - -8)?
-38
What is the value of -4 - ((0 - -1) + (2 + -23 - (-8 + 15)))?
23
Calculate (-3 + 2 - -8) + (133 - 59) + -105.
-24
(9 - -147) + 10 + (305 - 338)
133
12 + -23 + 18 - (-538 + 555)
-10
What is the value of -70 - ((2 + 14 - (-91 - -91)) + -6 + -14)?
-66
What is the value of 423 + -432 - ((-3 - -2) + 3 - 21)?
10
(13655 - 13749) + (0 - 0 - -11)
-83
Calculate (-2 - -2) + (102 - 33) + -74.
-5
Calculate (0 - -30) + (2 + 15 + -1 - (-718 + 738)).
26
((-3 - (-8 + -25)) + 11 - 10) + -6
25
What is (135 - 114) + (9 + -11 - (-92 - -3))?
108
Calculate 5 + -1 + -1 + -3 + 12 + (196 - 158).
50
Evaluate (-2 - 0) + 2936 + -2948 - (-2 + 3 - 79).
64
Calculate (-232 - -32) + 99 + 126.
25
What is the value of 58 + -115 + (19 - 0)?
-38
What is the value of 13 + -26 - ((-16 - -12) + 25)?
-34
What is the value of 63 + -29 - (21 - 34 - (0 - 3))?
44
Calculate 369 + -587 + (64 - -35).
-119
((-45 - -25) + -54 - -70) + -9 + 0
-13
What is (-11 - -14 - (12 - -1)) + 4 + (-1 - 16)?
-23
What is -16 - -99 - 114 - (0 - 24)?
-7
What is the value of (3 - -1) + -1 + 1 + (21 - 2 - -54)?
77
What is the value of 283 - 258 - (0 + 49)?
-24
Evaluate -4 + -29 - (-19 + 33 + -24).
-23
What is -60 - -88 - (-16 + -4 + 1 + 4)?
43
What is the value of -36 - (-6 - (-9 + 2 + -6 - -12))?
-31
What is the value of 33 - ((306 - 234) + 5 + -46)?
2
What is the value of (-31 - -1) + (26 - (38 + (10 - 36)))?
-16
Calculate -33 - (-42 - (-17 - 7)) - -77.
62
Evaluate 58 + 2 + -69 + 61 - (10 + (-18 - -6)).
54
What is the value of 43 + -22 - (-7 - (-16 - 8))?
4
What is (45 - (74 - (40 + -6))) + 0 + 1 + 26?
32
What is 22 + (15 - (-33 - -83)) + 13?
0
Calculate -76 - (65 - (-120 - -210)).
-51
Evaluate -13 - (-1 + 2) - ((-35 - (-17 - 37)) + -94).
61
What is (7 - (-11 + 38) - (-6 - 20)) + 68?
74
What is -6338 - -6253 - (-1 - (27 + 1))?
-56
Calculate 33 - (2 + (-3 - (3 - -5)) + 17).
25
What is the value of (24 + -8 - 42 - -14) + 22?
10
Calculate 19 + -64 + 72 - -7.
34
(8 - (-5 + -3 + 123)) + 15 - (0 - 5)
-87
What is the value of -36 + (53 + -52 - -12)?
-23
Calculate (253 + -250 - (-2 - (-2 - (-6 - -3)))) + 1.
7
Evaluate (-23 + -4 + -32 + 45 - -3) + 33.
22
Calculate -38 - (1 - 2) - (438 + -451 - (-10 + -6)).
-40
92 + ((4 - -21) + 11 - 51)
77
What is -9 + -1 + 5 + (-87 - -123)?
31
Calculate (-58 - (2 - 3)) + (-1 - 1) + -9.
-68
Evaluate (0 - 2) + -52 - 9 - 6.
-69
Evaluate (-12 - ((13 - (13 + 1 - 13)) + -9)) + -83.
-98
-1 + -2 - (52 + (-140 - -58))
27
-12 + (16 + 3 - 13) + (-2 - -8) - 6
-6
Calculate 84 + -53 + 9 + 23.
63
Calculate -15 - (641 + -657 - (0 - -1)).
2
Evaluate (6 - -6) + (-1 - (-13 + 44 - 21)).
1
Calculate (-4 - 2 - -37) + (-45 - -41 - 11).
16
Evaluate 23 + (-2 - (36 + -25)) - (-28 + -1).
39
Evaluate 7 + ((5 - (21 + -1)) + (6 - 7) - -5).
-4
Evaluate -104 + 53 + 48 + (4 - 33).
-32
-16 - ((-14 - -5) + 5) - (-117 - (-4 + 16))
117
Calculate (5 + -40 - -38) + 21 + -14.
10
Evaluate 24 + (-14 - (15 - (-4 + 4))).
-5
Evaluate -1 - 69 - (-19910 + 19896).
-56
What is -2 - (6 + -14) - (-21 - (7 - -15))?
49
Evaluate 50 + -15 + 17 + -32.
20
What is 19 - -20 - -14 - (4 + -1) - 12?
38
-135 - -78 - (-3 - (6 - 0))
-48
Calculate (69 - (-98 + 209)) + (-2 - 35).
-79
16 + 9 + -9 + -9 + 0 - 58
-51
Calculate 60 - ((2 - 13) + -582 + 592).
61
Calculate ((-24 - -38) + (-12 - 3) + 5 - 118) + 7.
-107
What is 9 - 0 - (-36 + 6 + (9 - -40))?
-10
Evaluate (440 - 475) + (52 - 1).
16
What is 26 + -13 + (-59 - (-9 + 8 + -10))?
-35
46 + (-19 + 1 - (1 - 4 - 3)) + -2
32
What is the value of 10 + 1 - (-23 + 30 - -34)?
-30
(7 - 4) + -43 - (-11 - -30 - 17)
-42
-59 + (27 - -39 - -21)
28
What is the value of (-24 - (6 + 11 + -30)) + (3 - -52)?
44
What is the value of 7 - 0 - ((74 - 28) + 81 - 26)?
-94
What is the value of -31 - -17 - (-3 + 11 + 0 + 60)?
-82
Evaluate -55 + 107 + -25 + (0 - (10 + -2)).
19
-859 - -923 - (39 + 0)
25
What is (0 - 39 - (-5262 + 5214)) + (1 - -9)?
19
Calculate 24 + -6 + 86 + -58.
46
What is the value of 33 + (-2 + -47 - 7)?
-23
Calculate -1362 + 1372 + (1 - 2) + -134.
-125
What is the value of (16 - 5 - -1) + 2156 + -2274?
-106
Evaluate 1 + -2 + (-18 - (10 + -16 + -15)) - 85.
-83
What is 9 + (-9 - -23 - 19) + 3 - (0 + 25)?
-18
What is -7 - (-37 - -15 - -7) - 25 - 59?
-76
What is the value of -7 + 111 + -185 + 1 + 0 + 0 + 5?
-75
Calculate -6 - (-15 + 16 + 3) - (-8 + -36).
34
-7 + 9 - ((-1 - 16) + 102 + -207 + 8)
116
Calculate (-672 - -673) + (0 - 12) + 68.
57
Calculate -49 + 92 - -3 - 25.
21
Calculate 0 - (-89 - -1) - (-59 - 8 - (-56 - 19)).
80
Evaluate -23 + (2 - (-2 - -2)) - (7975 - 7977).
-19
Evaluate -21 + -1 + (-12 - -11) + 10 + 38.
25
What is (-19 - -2) + (71 - 24) + -9 + -2 + 7?
26
Evaluate 41 - (-20 - (-67 + 74)).
68
Evaluate 32 + (-43 - (8 - -24)).
-43
What is the value of 0 - 227 - (9758 - 9864)?
-121
-2 + -2 + -22 - (6193 - 6165)
-54
4 + 4 + 5 - (-58 + -36 + 75)
32
Calculate -3 + (-13 - ((24 - 28) + -62)).
50
What is the value of 12 - -4 - (0 - -36) - 21?
-41
14 - (4 - 2) - (-347 + 389 + 1 + 26)
-57
Calculate (2 - -6) + 0 + (33 - 56).
-15
Evaluate -3 - 0 - (-1 + 4 - 117) - (-1947 - -1934).
124
Calculate 51 - 1 - (269 + -50 - 204).
35
(17 + -1 - 8 - -1) + -12 - 28
-31
Evaluate 8 + -122 + (-18 - -4) + 4 + (-139 - -136).
-127
-15 + 20 - -13 - 7 - (-3 - -24)
-10
What is 1 + -3 + -26 + 6 + -25?
-47
What is (-7 - (-148 - -8)) + (23 - (70 - 55))?
141
Calculate (-3 - -1) + 9 + (77 - 42 - 20).
22
Evaluate 0 - -8 - 16 - (0 + 1 - (-30 + 66)).
27
-1 + 5 + 51 + -5 + (1 - 10) + 6
47
Calculate -44 + 1 + -31 + 48 + 104.
78
Calculate -23 - (-155 - (-246 + 49)).
-65
Evaluate -38 - (-28 - -58 - 51).
-17
What is the value of -21 + 5 + (-19 - 6 - (-5 - 7))?
-29
Calculate -27 + (-182 - -201) - (2 - 68).
58
Calculate 15 + (25 - (13 - 6)) + -33 + (-2 - -1).
-1
What is the value of -113 + 53 - (-10 - (-20 - (-8 - -11)))?
-73
Evaluate -45 - ((-6 - -4) + -24 - -7).
-26
What is the value of (2 - 10) + (444 - 400)?
36
What is the value of (-12 - -1) + (89 - (9 - 24 - -13)) - 6?
74
Calculate (3 - 2) + -9 + (-734 - -748) + -42.
-36
Evaluate -306 + 185 - -125 - (-1 - -85).
-80
What is the value of 2 - (132 + -129 + (-1 - 9) + 45)?
-36
What is the value of 2 - (6 + 0 + 2) - (-5438 - -5439)?
-7
Calculate 24 - (-1 + (-13 - ((11 - 12) + (-11 - -4)))